
20
Let s = -756 + 800. Calculate the remainder when 258 is divided by s.
38
Let u be (16/(-10))/(1/15). Let k(w) = 3*w**2 - 39*w + 24. Let v be k(12). Calculate the remainder when 63 is divided by (-320)/u*v/(-10).
15
Let t(f) = 4*f - 12. Let y be t(3). Suppose 0 = 2*m - 5 + 1. Suppose -2*n = -4*j - 0*n + 96, y = -j + m*n + 30. What is the remainder when 86 is divided by j?
20
Let f = -29 - -13. Let d = 73 + f. What is the remainder when d is divided by 12?
9
Let j = 476 + -365. Let n = -12 + -34. Let m = j + n. What is the remainder when m is divided by 22?
21
Suppose 7*x + 27 + 57 = 0. Calculate the remainder when (0 + 27/2)*(-8)/x is divided by 5.
4
Let y = -21 + 66. Let c be 16/6*y/(-20). Calculate the remainder when 9/4*(c + 18) is divided by 7.
6
Let t(x) = x**2 - x + 1. What is the remainder when -20 + 60 + 1*(-9)/3 is divided by t(4)?
11
Let h = 1030 + -1011. What is the remainder when 607 is divided by h?
18
Suppose 77*a = 75*a + 72. Calculate the remainder when 69 is divided by a.
33
Let i(l) = l**3 - 2*l**2 - 5*l + 9. Calculate the remainder when 103 is divided by i(4).
19
Let r(q) = 2*q - 2 + 16*q**2 - 2 + 3. Calculate the remainder when ((-128)/(-10))/((108/(-30))/(-9)) is divided by r(1).
15
Let h = 260 + -210. Calculate the remainder when h is divided by 4.
2
Suppose 5*d + 0*d = 80. Let z(b) = b**2 - 12*b + 5. Let c be z(10). Let n = -10 - c. Calculate the remainder when d is divided by n.
1
Suppose -3*a = 3, -3*k - 2*a - 12 = 2*k. What is the remainder when ((-450)/3)/(k - 0) is divided by 26?
23
Let f = 44 - 49. Let p(w) = -w**2 - 9*w - 18. Calculate the remainder when p(f) is divided by 1.
0
Suppose -14*g + 12*g = -40. Let y = g + -11. Calculate the remainder when 40 is divided by y.
4
Suppose -4*s = -3*s. Suppose s*w - 4 = -w. Calculate the remainder when (-21)/(-3)*(-2 + 3) is divided by w.
3
Suppose -34*m = 6*m - 5840. What is the remainder when m is divided by 30?
26
Let h(n) = 4*n**2 + 41*n + 13. Calculate the remainder when h(9) is divided by 59.
57
Let i(j) = -j**2 + 3*j + 7. Let f be i(-2). What is the remainder when (f + -1 + 3)/((-3)/87) is divided by 16?
13
Suppose -4*p + h + 0*h + 298 = 0, 2*h + 146 = 2*p. What is the remainder when p is divided by 76/(-1*12/(-6))?
37
Let l(a) = 53*a + 18. Let i(v) = -18*v - 6. Let f(q) = -17*i(q) - 6*l(q). Calculate the remainder when 32 is divided by f(-2).
14
Let j = -1 - -10. Suppose -7 = -j*o + 371. What is the remainder when o is divided by 12?
6
Let i = 9 - -9. Calculate the remainder when (-6)/(-4) - (-14756)/248 is divided by i.
7
Let c = -2 - -14. Suppose 9*x + 69 = c*x. Calculate the remainder when 44 is divided by x.
21
Let p = 1011 + -688. What is the remainder when p is divided by 65?
63
Calculate the remainder when (-3)/(12/454)*188/(-94) is divided by 16.
3
Let g = -10 - -18. Let u(f) = -f**2 + 12*f - 8. Suppose 34*y = -7*y + 3813. What is the remainder when y is divided by u(g)?
21
Suppose 4*y - 68 = 4*i, -3*i + 0*i = -2*y + 39. Calculate the remainder when y is divided by 8.
4
Let a = -11 - -18. Calculate the remainder when -11 + (19 - 2) - 1/(-1) is divided by a.
0
Let n = 10 - 6. Suppose -n*i - y = -94, i - 2*y - 19 = 9. Calculate the remainder when 95 is divided by i.
23
Suppose 4*p - 53 + 9 = 0. Let k be (28/(-8))/((-3)/(39*2)). Suppose 3*m - k = -y, -3*m + 80 + 19 = -3*y. What is the remainder when m is divided by p?
9
Let s = 18275 - 18246. Suppose l + 2*a = 83 + 143, 0 = -4*a - 8. Calculate the remainder when l is divided by s.
27
Let i(y) = -y**2 - 7*y + 170. Calculate the remainder when 53 is divided by i(-16).
1
Let d(q) = -10*q + 10. What is the remainder when d(-15) is divided by 8 + -11 + -39*4/(-6)?
22
Let d = 132 + 123. What is the remainder when d is divided by 67?
54
Let w = 50 + -10. Let m = w + -24. Calculate the remainder when 78 is divided by m.
14
Let y be (3 - (-4 + 28))*2/(-3). Suppose -3*b = x - y, 9*x - 42 = 5*x - 5*b. What is the remainder when 37 is divided by x?
5
Let u = -5 - -8. Suppose -u*x + 165 = 2*x. Suppose 7 = 2*c - x. Calculate the remainder when 58 is divided by c.
18
Suppose 3*m - 23 = -4*h, -5*h = -0*m + 2*m - 27. Suppose -j - 2*j + 2*w = -7, -h*j + 1 = 2*w. Calculate the remainder when 1 is divided by j.
0
Let s be (4/(-7))/(7/98*-4). Suppose 87 = 2*d - 2*o + 3, 4*d = -s*o + 138. Calculate the remainder when 184 is divided by d.
36
Let d be ((-32)/20)/(1/(-70)). Suppose 5*k = k - 5*n + 218, -d = -2*k - n. What is the remainder when k is divided by 10?
7
Let o be (2/(-4))/((-76)/24 + 3). Suppose -o*f + 68 = d, -2*d + 191 = -5*f - 0*f. What is the remainder when d is divided by 29?
25
Suppose n = -4*f + 222, 13*f - 2*n + 114 = 15*f. Calculate the remainder when 107 is divided by f.
52
Let i(s) = s**3 + 4*s**2 - 4*s + 8. Let o be i(-5). Suppose -o*l - 94 = -5*p, 0*p - 31 = -2*p - l. What is the remainder when p is divided by (-6)/(1 - 2) + 0?
5
Suppose -2*o = -10, q + o - 74 = -2*q. Let j(m) = -31*m - 9. Let z be j(3). Let x = -59 - z. Calculate the remainder when x is divided by q.
20
Let r(h) = -h**2 + 28*h - 156. Suppose 5*p = z + 67, -47 + 6 = -3*p + z. Calculate the remainder when r(18) is divided by p.
11
Let d(i) = 2*i - 16. Let q be d(8). Calculate the remainder when 384/(-72)*((-9)/4 - q) is divided by 7.
5
Let o(y) = -y**2 - 2*y + 30. What is the remainder when 100 is divided by o(0)?
10
Let l be ((-632)/(8 - 4))/(-2). Let q = -35 + l. What is the remainder when q is divided by 9?
8
Let s = -13 - -16. Let c = 64 + -46. Calculate the remainder when (116/8 + s)*2 is divided by c.
17
Suppose 4*g = 12, 0*g + g = -a + 27. Let o(x) = -x**2 + 40*x + 5. What is the remainder when a is divided by o(40)?
4
What is the remainder when 46 is divided by (-2)/(-6 - (-376)/64)?
14
Let f(c) = 2*c + 10. Let p be f(-8). Let z be 219/2 + (-3)/p. Suppose z = 2*v + 18. Calculate the remainder when v is divided by 16.
14
Let p = 28 + 32. Let k = p + -29. Calculate the remainder when 92 is divided by k.
30
Suppose -6*x = -31 - 5. Calculate the remainder when (3/12)/(135/(-68) - -2) is divided by x.
5
Let o(u) = u**3 + 6*u**2 - 15*u + 15. Suppose -179 = -2*s + 3*j - 0*j, 5*s - 395 = -3*j. What is the remainder when s is divided by o(2)?
14
Let r = 29 - 13. Suppose -2*x + 60 = -v, x + 2*v - r = 6*v. Calculate the remainder when 90 is divided by x.
26
Let q(v) = -v - 13. Let m be q(-13). Let c(w) = -w**3 + 2*w**2 + w + 10. Calculate the remainder when 39 is divided by c(m).
9
Suppose -382 = -18*v + 266. Calculate the remainder when 73 is divided by v.
1
Suppose 8*j = -4*j + 204. Calculate the remainder when 83 is divided by j.
15
Suppose 3*f - 4*f = -31. Let g = 52 - f. What is the remainder when g is divided by 6?
3
Let q = 1 + 21. Suppose -3*s = g + g - 81, s - q = g. What is the remainder when 97 is divided by s?
22
Let w(p) = p**3 + 5*p**2 - p + 1. What is the remainder when 2 - (-1 - (16 + 2)) is divided by w(-5)?
3
Let d = -236 + 348. Let t = -34 + d. What is the remainder when t is divided by 27?
24
Suppose 3 = x - 8. Let s(l) = 4*l**2 - 11*l - 5. Let h be s(-6). Suppose j - 6*j + h = 0. Calculate the remainder when j is divided by x.
8
Let c be -4*(3 + -2) - -2. Let z(w) = w**2 + 2*w - 2. Let k be z(c). What is the remainder when k/(-2) - 1 - -39 is divided by 10?
9
Let g = -813 - -862. What is the remainder when g is divided by 20?
9
Suppose 2*t - 1 = -n + 7, -n = -4. Suppose t*b = -3*b + 310. What is the remainder when b is divided by (-1400)/(-120) + -1 + 14/6?
10
Suppose 119*n - 116*n - 57 = 0. Calculate the remainder when 604 is divided by n.
15
Let g(o) = o**3 + 35*o**2 - 5*o - 166. Calculate the remainder when (2 + 102)*(-1 + 2) is divided by g(-35).
5
Suppose 0 = 3*f - 2*k - 154 - 4, 5*k = 4*f - 213. Let t = -51 + f. What is the remainder when 4 is divided by t?
0
Suppose 42 = 4*p - 5*p. What is the remainder when (-7)/(p/(-15) + -3) is divided by (-4 + (-18)/(-2))*1 + 13?
17
Suppose 44 = 5*q + 14. Suppose 0 = q*u - 9*u + 60. Suppose -12 = -4*m, 4*m - 32 - u = -2*t. Calculate the remainder when 97 is divided by t.
17
Let k(f) = -23*f - 5*f - 13*f. What is the remainder when 80 is divided by k(-1)?
39
Suppose -27 = -u + q, 0 = q - 4*q + 3. Let k = -115 - -120. Suppose 4*h - 45 = -k*p, -3*h - p = 26 - 68. What is the rema